is -4b255ec - 1?
-4b255ed
In base 4, what is 10 + -103213020103031?
-103213020103021
In base 3, what is -2202002001 + 10200?
-2201221101
In base 13, what is 1a67 + -108?
195c
In base 2, what is 10001111100111001010 - 1101?
10001111100110111101
In base 11, what is -125a + 3180?
1a21
In base 9, what is 13760331 - 5?
13760325
In base 13, what is 1933725 + b?
1933733
In base 13, what is -a4 - 2896?
-296a
In base 12, what is -1b80a841 - 7?
-1b80a848
In base 3, what is -2221211020 + 21100?
-2221112220
In base 13, what is -c655 + -1131?
-10786
In base 10, what is 29019905 + 2?
29019907
In base 5, what is -133302 + -133114?
-321421
In base 8, what is 332164 + 4?
332170
In base 13, what is -4 - -1540647?
1540643
In base 2, what is 1010011000011110100 - -11000?
1010011000100001100
In base 6, what is 5130045 + -1443?
5124202
In base 2, what is -1 - 1010001110101001010011010?
-1010001110101001010011011
In base 2, what is -110011000000001101100 - -10001?
-110011000000001011011
In base 12, what is -24449b - 14?
-2444b3
In base 12, what is -1283b2a - -80?
-1283a6a
In base 8, what is 5131550 - -2?
5131552
In base 11, what is 332a1 + 7469?
3a75a
In base 15, what is 5 - -a55aa?
a55b0
In base 12, what is -4b401b8 - -5?
-4b401b3
In base 4, what is -11 - 100003312011?
-100003312022
In base 3, what is 0 + 12010000221121222?
12010000221121222
In base 7, what is 210361405 + -5?
210361400
In base 3, what is -1000121220011 - 1?
-1000121220012
In base 4, what is 32313322 + 132?
32320120
In base 8, what is 5 + -24625363?
-24625356
In base 5, what is 2332124121 + -1?
2332124120
In base 7, what is 5 - -6662352214?
6662352222
In base 15, what is -2c6 + 5188a?
515b4
In base 12, what is 27a6 - -76a?
3354
In base 12, what is 27009a22 + 2?
27009a24
In base 16, what is 2bbaabfc + 5?
2bbaac01
In base 6, what is -10242 + -4101?
-14343
In base 8, what is -273324 + 17?
-273305
In base 6, what is -33554 + -344153?
-422151
In base 7, what is -3032113 + 1?
-3032112
In base 13, what is -1597b1 + 190?
-159621
In base 10, what is -3 - 4659314?
-4659317
In base 3, what is -11002 + -1200101011021?
-1200101022100
In base 15, what is -301 - -5c67?
5966
In base 11, what is 80 - -333507?
333587
In base 12, what is 51494b4 + 9?
5149501
In base 2, what is 11010011110000 + -110100110001001?
-11010010011001
In base 4, what is 1220 + -232210331?
-232203111
In base 9, what is 8 - -163511500?
163511508
In base 10, what is -23 + -4611782?
-4611805
In base 9, what is -17 + -33008858?
-33008876
In base 12, what is -5914644 + 4?
-5914640
In base 14, what is -cc2 + -142b?
-230d
In base 8, what is 50750737 - -2?
50750741
In base 9, what is -16 - 2012275?
-2012302
In base 7, what is 1011316 + 3652?
1015301
In base 4, what is 111202223 - -201210?
112010033
In base 16, what is 38949 + 13?
3895c
In base 14, what is 2b37d + 70?
2b40d
In base 7, what is 5450156334 + -5?
5450156326
In base 8, what is -4016324 - -234?
-4016070
In base 4, what is 123313 + 13210113?
20000032
In base 6, what is 2421 - -13245454?
13252315
In base 8, what is 360255 + 471?
360746
In base 2, what is 11001000001000110100000 - -1000?
11001000001000110101000
In base 10, what is -942 - -4861?
3919
In base 10, what is -927049 + -4?
-927053
In base 13, what is 3c31017 - -2a?
3c31044
In base 4, what is -1 - 133212313331?
-133212313332
In base 2, what is 10110 - -11000010011111000111101?
11000010011111001010011
In base 11, what is 4 - -497133a?
4971343
In base 13, what is -53786 + -322?
-53aa8
In base 6, what is -102 + -10132?
-10234
In base 7, what is -2 - 166554666?
-166555001
In base 2, what is -1000000000 + 11111100011100010111?
11111100010100010111
In base 13, what is 13495c + 76?
134a05
In base 12, what is 3bb + 47b5?
4bb4
In base 7, what is 6023042 + 15?
6023060
In base 5, what is 1441430 + -302141?
1134234
In base 6, what is 210 - -1435540?
1440150
In base 6, what is 144 + -20122222?
-20122034
In base 8, what is -177621 + 4?
-177615
In base 15, what is d9b06d2 + -5?
d9b06cc
In base 6, what is -1 + 341312142?
341312141
In base 2, what is -1001 + -101010010011101000110001101?
-101010010011101000110010110
In base 9, what is -3 - -7228765?
7228762
In base 10, what is 139415033 + -2?
139415031
In base 6, what is 15352 - -5412322?
5432114
In base 10, what is 5 + -87780688?
-87780683
In base 15, what is 4 + -190948?
-190944
In base 13, what is -1b - 64389a?
-6438b8
In base 2, what is 100001100 - 11010000010111011000?
-11010000010011001100
In base 7, what is -1426141 - -144?
-1425664
In base 14, what is 1 + -31250a1?
-31250a0
In base 4, what is 322131012 - 1110010?
321021002
In base 6, what is 150 + -10025433?
-10025243
In base 6, what is -345201 - -120104?
-225053
In base 3, what is 20 - 211211210002?
-211211202212
In base 2, what is -1010000000010011110 + 10100001?
-1001111111111111101
In base 14, what is 2191295 + 4?
2191299
In base 3, what is -21221010101 + 20?
-21221010011
In base 14, what is 2da86 - -86?
2db2c
In base 12, what is -436b385b - -4?
-436b3857
In base 4, what is -22020 + -21022313?
-21110333
In base 3, what is 10000211122122 - 20221?
10000211101201
In base 6, what is 3 + 141535554?
141540001
In base 3, what is -10 - 12110021202020120?
-12110021202020200
In base 15, what is 6 + -240a69e?
-240a698
In base 16, what is 1075cb3 + 11?
1075cc4
In base 8, what is 16 + -36130444?
-36130426
In base 7, what is -31421 - 1356?
-33110
In base 15, what is 29 - 6e8506?
-6e84cc
In base 4, what is 30023021011 - 131?
30023020220
In base 5, what is 0 - -420422430?
420422430
In base 16, what is f9e51c + -3?
f9e519
In base 15, what is -11d + 3c6a5?
3c587
In base 4, what is 331233301013331 + 1?
331233301013332
In base 2, what is 1100101000001011010 + -101001110?
1100100111100001100
In base 2, what is 10000000001111101 + -10100000010?
1111101101111011
In base 2, what is 1010 + 10000011101110001000010010?
10000011101110001000011100
In base 4, what is -13 - -213330211?
213330132
In base 7, what is -230403 + 1225?
-226145
In base 4, what is 22232122 - 1030010?
21202112
In base 3, what is 110001010210 - -212?
110001011122
In base 7, what is 0 + 23236036?
23236036
In base 14, what is -7 - a2c60b?
-a2c614
In base 3, what is 1121 - 110211201201220?
-110211201200022
In base 2, what is -1101101001101111001011111100 + 1?
-1101101001101111001011111011
In base 10, what is 1 - 13202110?
-13202109
In base 10, what is -3514 - 213699?
-217213
In base 7, what is 5 + -3144125?
-3144120
In base 6, what is -230 + -4220221?
-4220451
In base 5, what is 224430140214 - 1?
224430140213
In base 13, what is 0 - -3293ac87?
3293ac87
In base 13, what is -91 + 27962c?
27956b
In base 2, what is -111100 + -110101000000110011?
-110101000001101111
In base 3, what is 1010002212200 - 12?
1010002212111
In base 13, what is 23c0444 + -3?
23c0441
In base 13, what is -1545 + -6557?
-7a9c
In base 14, what is 42b410 + 4?
42b414
In base 8, what is -14247373 - -4?
-14247367
In base 4, what is 210102232122 + 3?
210102232131
In base 16, what is d - 4c6066?
-4c6059
In base 11, what is 19687249 - 4?
19687245
In base 13, what is 3 + -7507821?
-750781b
In base 10, what is 7 - 24147991?
-24147984
In base 8, what is 35 - -717770?
720025
In base 3, what is 11002022102210 + 11001?
11002022120211
In base 10, what is 347140 - -4955?
352095
In base 11, what is 152401 - -186?
152587
In base 16, what is 27fa1 - -43?
27fe4
In base 7, what is -3 - -6232000?
6231664
In base 14, what is 16d0c - 78b2?
d43a
In base 14, what is c023d1 - -4?
c023d5
In base 12, what is -b00a2 - 8?
-b00aa
In base 9, what is -5 + 11318853?
11318847
In base 14, what is -b + -4523db?
-452408
In base 3, what is -1111 - 100012200212?
-100012202100
In base 4, what is 101233 + -21302120?
-21200221
In base 3, what is 1220222112222 - -10121?
1220222200120
In base 5, what is 13 - 200444131?
-200444113
In base 11, what is 536 + -71065?
-7062a
In base 16, what is 4d07 + -690?
4677
In base 13, what is 3701 - -20501?
23c02
In base 4, what is -13213210 + -131331?
-20011201
In base 10, what is -54209 + 94?
-54115
In base 15, what is aa2 - -924?
14c6
In base 8, what is 643 - -364254?
365117
In base 8, what is 126 - -362061?
362207
In base 12, what is 27 + -824441?
-824416
In base 6, what is -1 + -42115351?
-42115352
In base 10, what is -8759 + 39534?